{"id":10,"date":"2018-03-11T14:12:20","date_gmt":"2018-03-11T13:12:20","guid":{"rendered":"http:\/\/spectrum-marburg.de\/?page_id=10"},"modified":"2024-11-12T10:07:57","modified_gmt":"2024-11-12T09:07:57","slug":"arbeit","status":"publish","type":"page","link":"http:\/\/spectrum-marburg.de\/","title":{"rendered":"Vorstellung"},"content":{"rendered":"<div>\n<div>\n<p>Die spectrum Stiftung f\u00f6rdert Gleichw\u00fcrdigkeit von Menschen mit Behinderung<\/p>\n<p>Menschen mit Behinderung haben oft mit Vorurteilen und Barrieren zu k\u00e4mpfen, die ihre Gleichw\u00fcrdigkeit infrage stellen. Doch jeder Mensch, unabh\u00e4ngig von seinen F\u00e4higkeiten oder Einschr\u00e4nkungen, hat das Recht auf einen w\u00fcrde- und respektvollen Umgang. Gleichw\u00fcrdigkeit bedeutet, dass jeder Mensch unabh\u00e4ngig von seiner Behinderung denselben Wert und dieselbe W\u00fcrde hat wie jeder andere Mensch auch.<\/p>\n<p>Um die Gleichw\u00fcrdigkeit von Menschen mit Behinderung zu gew\u00e4hrleisten, ist es notwendig, Barrieren abzubauen und eine inklusive Gesellschaft zu schaffen, in der jeder Mensch in seiner Vielfalt akzeptiert und respektiert wird. Das bedeutet zum Beispiel, dass die Teilhabe am Leben in der Gemeinschaft barrierefrei zug\u00e4nglich sein muss, damit sich Menschen mit Behinderung gleichberechtigt in der Gesellschaft einbringen k\u00f6nnen. Auch in Bildung und der Arbeitswelt m\u00fcssen Barrieren abgebaut werden, damit Menschen mit Behinderung die gleichen Chancen haben wie alle anderen.<\/p>\n<p>Es ist wichtig zu betonen, dass Menschen mit Behinderung nicht Objekte von F\u00fcrsorge oder Mitleid sind, sondern dass sie gleichberechtigte und aktive Mitglieder der Gesellschaft sind. Die Gleichw\u00fcrdigkeit von Menschen mit Behinderung bedeutet, dass sie das Recht haben, ihre eigenen Entscheidungen zu treffen und ihr Leben so zu gestalten, wie es f\u00fcr sie am besten ist. Wir m\u00fcssen uns als Gesellschaft bem\u00fchen, Vorurteile und Stereotypen abzubauen und daf\u00fcr sorgen, dass Menschen mit Behinderung in ihrer Vielfalt anerkannt und gesch\u00e4tzt werden. Nur so k\u00f6nnen wir eine inklusive Gesellschaft schaffen, in der jeder Mensch in seiner W\u00fcrde und seinem Wert respektiert wird.<\/p>\n<p>Das ist das Ziel von spectrum e.V., der spectrum Dienste GmbH und der spectrum Stiftung<\/p>\n<\/div>\n<\/div>\n","protected":false},"excerpt":{"rendered":"<p>Die spectrum Stiftung f\u00f6rdert Gleichw\u00fcrdigkeit von Menschen mit Behinderung Menschen mit Behinderung haben oft mit Vorurteilen und Barrieren zu k\u00e4mpfen, die ihre Gleichw\u00fcrdigkeit infrage stellen. Doch jeder Mensch, unabh\u00e4ngig von seinen F\u00e4higkeiten oder Einschr\u00e4nkungen, hat das Recht auf einen w\u00fcrde- und respektvollen Umgang. Gleichw\u00fcrdigkeit bedeutet, dass jeder Mensch unabh\u00e4ngig von seiner Behinderung denselben Wert und &hellip; <\/p>\n<p class=\"link-more\"><a href=\"http:\/\/spectrum-marburg.de\/\" class=\"more-link\"><span class=\"screen-reader-text\">\u201eVorstellung\u201c <\/span>weiterlesen<\/a><\/p>\n","protected":false},"author":1,"featured_media":0,"parent":0,"menu_order":0,"comment_status":"closed","ping_status":"closed","template":"","meta":{"footnotes":""},"class_list":["post-10","page","type-page","status-publish","hentry"],"_links":{"self":[{"href":"http:\/\/spectrum-marburg.de\/index.php?rest_route=\/wp\/v2\/pages\/10","targetHints":{"allow":["GET"]}}],"collection":[{"href":"http:\/\/spectrum-marburg.de\/index.php?rest_route=\/wp\/v2\/pages"}],"about":[{"href":"http:\/\/spectrum-marburg.de\/index.php?rest_route=\/wp\/v2\/types\/page"}],"author":[{"embeddable":true,"href":"http:\/\/spectrum-marburg.de\/index.php?rest_route=\/wp\/v2\/users\/1"}],"replies":[{"embeddable":true,"href":"http:\/\/spectrum-marburg.de\/index.php?rest_route=%2Fwp%2Fv2%2Fcomments&post=10"}],"version-history":[{"count":14,"href":"http:\/\/spectrum-marburg.de\/index.php?rest_route=\/wp\/v2\/pages\/10\/revisions"}],"predecessor-version":[{"id":306,"href":"http:\/\/spectrum-marburg.de\/index.php?rest_route=\/wp\/v2\/pages\/10\/revisions\/306"}],"wp:attachment":[{"href":"http:\/\/spectrum-marburg.de\/index.php?rest_route=%2Fwp%2Fv2%2Fmedia&parent=10"}],"curies":[{"name":"wp","href":"https:\/\/api.w.org\/{rel}","templated":true}]}}